 10*w + s. Is w a composite number?
False
Let r(j) = -8*j**3 - 5*j**2 - j + 4. Let t be (54/(-36))/(6/136). Let b = t - -31. Is r(b) prime?
False
Is (3178498/12)/((-361)/(-2166)) a composite number?
False
Suppose 0*c + 4*c - 16 = 0, -h = -c. Let v be 1/((8/(-42))/h). Is 30/4*(-3178)/v composite?
True
Suppose 7*b - 3*b - 628795 - 129441 = 0. Is b composite?
False
Let w be (333/(-12) - -3)/(3/180). Let b = 2272 + w. Is b prime?
True
Let a = 49808 + -28161. Is a prime?
True
Let a(w) = -8*w**3 - 8*w**2 - 37*w - 9. Let u be ((-10)/(-15)*-30)/(6 - 4). Is a(u) composite?
False
Suppose 3*h + 132912 = 68*h - 116233. Is h a prime number?
True
Let t(o) = -2*o - 2. Let i be t(4). Let x = 144 - -1986. Is i/(-55) - x/(-22) a composite number?
False
Let m be 20/(-25) + (32/(-10) - -2). Is (m - -5)*3048/36 a prime number?
False
Suppose 2 = 2*o, 2*l - o + 3*o = 8. Let k(f) = -23 - f - 7*f**2 - f**l + 5*f + 2*f + 3*f. Is k(-9) a prime number?
False
Suppose 42*r + 43*r - 5836617 = 4*r. Is r a prime number?
False
Suppose 36904 = 7*l + 7301. Let r = 1328 + l. Is 4 + r/17 + 42/357 prime?
True
Let m(u) = 4169*u + 86. Is m(7) composite?
False
Let q(d) = 6*d**2 + 11*d - 18. Let j be q(4). Let z = 123 - j. Is -6998*z*(1 + -6)/10 a prime number?
True
Let s = -54 - -68. Is ((-2583)/(-2) + (-28)/s)*2 a composite number?
False
Suppose -3*d = -n + 716783, d - 4657635 + 1073720 = -5*n. Is n a composite number?
False
Suppose -11*r - 40 = -62. Is (-1861)/((r/4)/(5/(-10))) prime?
True
Let u(v) = -6*v**2 - 4*v**3 - 25 - 42*v + 3*v**3 + 6*v**2 - 20*v**2. Is u(-18) prime?
True
Let p = 1134 + -557. Suppose 3*k + 36610 - p = 3*a, 5*k - 48044 = -4*a. Is a composite?
False
Is -7 - (-6245 - 48/16) prime?
False
Suppose 16*k - 1062055 - 144338 - 151511 = 0. Is k composite?
False
Let b(v) = v**3 + 7*v**2 + 3*v - 8. Let s be b(-6). Is 6/s + 424984/35 a composite number?
False
Suppose -4*k - 9 = 7. Let g be ((-1656)/(-9))/(k/(-46)). Is g/2 + -1 + -1 + 5 a prime number?
True
Suppose 0*a + 2472 = 3*a. Let o(z) = z**2 - 9*z. Let p be o(0). Suppose -2*c + 1146 + a = p. Is c prime?
False
Is (-542 - -160)*(-466)/4 composite?
True
Let h(a) = -3*a + 31. Let f be h(-20). Let w = -52 - f. Let z = -46 - w. Is z prime?
True
Is (450 - 295)*(-1721)/(-5) composite?
True
Let n be ((-40)/16)/(10/(-76)). Suppose 14 = g - 1. Suppose g*y + 172 = n*y. Is y a prime number?
True
Let j be ((-3)/(-2))/(45/120). Is 1/((j + -9)/(-5215)) a prime number?
False
Let a(b) = -5307*b + 3868. Is a(-37) composite?
False
Let z(j) = -2935*j - 10341. Is z(-42) composite?
True
Let q be (232/(-116))/(1/(-10157)*2). Suppose 2*a + 9*z - q = 4*z, -2*a + 4*z + 10202 = 0. Is a a prime number?
False
Suppose -57*z - 308 = -134*z. Let v(l) = l**3 + l**2 + l + 4. Let i be v(0). Suppose -3*b + 10921 = z*t, -i*t = -4*b - b + 18255. Is b prime?
False
Suppose -5*a = -57 + 47. Suppose -6*p = a*z - 3*p - 1491, -p = -z + 758. Is z a prime number?
False
Suppose 5824 = 18*i - 5*i. Suppose 5*r + i = 17393. Is r composite?
False
Is (-6270512)/(-112) + 260/(-70) + 4 prime?
True
Suppose -40*t - 5*u - 59980 = -42*t, 5*u = 3*t - 89970. Is t/(-15)*4/(40/(-15)) a prime number?
True
Let s(r) = 39*r + 9. Let z be s(2). Let g = z + -75. Is 4/(-24) + (-1 - (-1922)/g) composite?
True
Suppose 292482 = -1569*h + 1575*h. Is h a composite number?
True
Let o be 4 - -2*(2 - 12). Let f(x) = -2*x**3 - 31*x**2 + 14*x - 28. Let t be f(o). Suppose t*d = -5*r + 5851, 5*d + 3*r - 4386 = 2*d. Is d a composite number?
False
Let f(y) = -2*y + 899. Let x = -107 + 116. Suppose 0 = 4*q - x*q - 5*q. Is f(q) a composite number?
True
Is 3 - ((2 - -1) + -15 + -19337)*4 prime?
False
Let u(z) = 2*z**2 - 3*z. Let g be u(-2). Suppose -g*n + 10*n = 20. Is 8/(-12) + n/((-15)/1457) a prime number?
False
Suppose -80*i + 9613773 = 23*i + 14*i. Is i a prime number?
False
Let y = 61 + -59. Let q = 13 - 8. Suppose y*m + 2*d = 3724, q*m = -3*d + 2*d + 9322. Is m prime?
False
Is (-2 - -2) + 6/((-18)/(-1021557)) composite?
False
Suppose -23*f + 41268 = -6273. Suppose -5*y = -3*k + 1710 + f, -k + 2*y + 1259 = 0. Is k a composite number?
False
Suppose 6*s - 2466 - 16488 = 0. Let u = -1362 + s. Is u a prime number?
False
Suppose 2*o - 98784 = -5*o. Suppose 7*y - o = 2191. Is y composite?
True
Let u(t) = -104*t**3 + 10*t**2 + 28*t + 4. Let p be u(-3). Suppose -p - 17516 = -3*a + 3*g, -a - 5*g + 6784 = 0. Is a a composite number?
False
Let y be (-6)/4*(5/(-1) - 781). Let g(m) = m**3 - 13*m**2 - 25*m - 10. Let b be g(19). Let q = b - y. Is q a prime number?
False
Suppose -72 = 2*o - 10*o. Suppose 8*k - o*k = -3. Let g(x) = 33*x**3 - 7*x**2 + 9*x - 4. Is g(k) a prime number?
False
Let t = -82775 + 144498. Suppose t - 20877 = 26*d. Is d composite?
False
Let k(o) = o**3 + 13*o**2 + 10*o - 21. Let m be k(-12). Let r(w) = 256*w + 7. Let f be r(8). Suppose f = j - m*x + x, 5*j = x + 10230. Is j prime?
False
Is 7315035/156 + ((-1)/(-3))/((-16)/12) a composite number?
True
Suppose -v - 388 - 96 = 0. Let a = -153 - v. Is a a prime number?
True
Is (-1)/(-5 + (-1671824)/(-334367)) a prime number?
False
Let p(j) = 19275*j**2 - 5*j - 13. Is p(5) prime?
True
Let z(k) = 16*k**2 - 3*k - 17. Let b be z(18). Let h = 3605 - b. Let m = 2551 + h. Is m a composite number?
True
Let n(r) = 45*r**2 + 123*r + 107. Is n(-33) a prime number?
True
Let r be (1/(2/(-5)))/((-16)/32). Is (-6)/(-3) - (r/1 - 3436) composite?
False
Let g(r) = 15 - 8*r**2 + 452*r + 2*r**3 - 5*r**3 - 466*r - 5*r**3. Is g(-8) prime?
False
Let o = 622245 + -189532. Is o composite?
False
Is (-69)/414 - (-459043)/6 prime?
True
Let u be (-2 + 2 - (-5 - -6))/(-1). Let n be u + (-16)/(-7) - (-4)/(-14). Is ((-21)/6)/(n/(-3282)) prime?
False
Let i(x) = 9 + 54*x**2 + 80*x**2 + 544*x + 548*x - 1099*x. Is i(6) prime?
False
Let p = 297 - 293. Suppose -4*s + 57966 = 2*a, -3*a - 14454 = -p*s + 43487. Is s composite?
False
Let o(h) = -h**3 + 485 + 8*h**2 - 9*h**2 + 558. Suppose 0 = 5*l - 2*l. Is o(l) a prime number?
False
Let l be ((-16)/(-24))/(96/(-45) + 2). Let b(i) = -57*i**3 + 5*i**2 + 23. Is b(l) a composite number?
True
Suppose 5*s + 2*o - 6504477 = 0, 4*o + 5203604 = 2*s + 2*s. Is s prime?
False
Let o = 96 - 99. Is 2 - (o - (-1608)/(-4)) a prime number?
False
Let h = -109 - -104. Suppose -2*p + 2*y = 9 + 3, -4*p = 5*y - 21. Is (-223)/(h - -6)*2/p a composite number?
True
Suppose 4*g - 71905 = 322790 - 56239. Is g a composite number?
True
Suppose 0 = 2*g - s - 3*s - 2, 3*s = 3*g. Let o be (-4 - (2/2 + -6))*g. Is o/(-3) - (-5336)/12 composite?
True
Suppose -227*k = -18482351 - 5404340 - 70898748. Is k prime?
False
Let b = 8930 + -5556. Suppose -b + 555 = -o. Is o a prime number?
True
Let j be (2 - (4 + -16442)) + -1. Suppose -j - 1748 = -13*l. Is l a composite number?
False
Let f(x) = 101*x**2 + 2*x + 35. Is f(-6) prime?
True
Suppose 2*j = -2*j. Suppose 16*i - 21*i + 510 = 0. Suppose -4*x - 2*b + i = -j*x, -4*x - b + 103 = 0. Is x composite?
True
Suppose -26686 = -2*w + 3*s + 24403, s - 3 = 0. Is w a composite number?
True
Suppose -3*k = -5*m - 34, 0*m + m = -2*k + 1. Suppose -q - 3 = -5*p - 1, 5*q - k*p - 34 = 0. Is (-64)/256 - (17022/q)/(-3) a composite number?
False
Suppose 5*i + 2*q = 14, -4*i - 23 = -6*i + 5*q. Let a be (i - 0) + -6 + -1. Let z(j) = -29*j - 8. Is z(a) composite?
False
Let r = -156453 + 276890. Is r prime?
False
Is ((-132)/(-78))/(-11) + (-2344502)/(-26) composite?
False
Suppose -7 + 13 = 3*u. Let n(f) = 475*f**3 + 460*f**3 + 2 - 2*f - 436*f**3 + 1159*f**3 - f**u. Is n(1) prime?
True
Let b(n) = -40*n**3 - 22*n**2 + 43*n - 43. Is b(-11) a prime number?
False
Let x = -9575 + 3744. Let r = x + 8664. Is r prime?
True
Let b(n) = -31*n + 28*n**2 + 9*n**2 + 22*n. Let j be b(8). Suppose 11711 = 5*c + j. Is c a prime number?
False
Is ((-23500672)/29)/(-16) + -9*1 a composite number?
True
Let p = -22181 - -37840. Is p a composite number?
True
Suppose 0 = -t - 3*k + 7*k + 16, -5*k - 20 = -4*t. Suppose t*h + 38766 = 13*h. Is h/6*(4 - 3) a prime number?
False
Let d be (1 + 7)*(-7047)/12. Is 2 + (2/4 - d/4) a composite number?
True
Let l = -35103 - -125054. Is l composite?
True
Let v(s) = -s**3 - 33*s**2 + 205*s + 85. Is v(-56) a composite number?
False
Let g be (6 + -3 - 7)*(-1 + 0). Let n be 4 - 1 - g/10*5. Is (n*-1)/(21/(-4557)) a composite number?
True